by j(-8)?
8
What is the remainder when 320 is divided by (76/10)/(62/155)?
16
Suppose -28 = -5*v + 632. Calculate the remainder when v is divided by 19.
18
Suppose 110 = -2*u + 328. Suppose 5*w = u + 386. Suppose -4*z = -z - w. What is the remainder when z is divided by 17?
16
Let a be (-7 + 0)*2/(-2). Suppose 2*s - a = 17. Calculate the remainder when 35 is divided by s.
11
Suppose -4*b - 6 = -30. Let y be (b/(-5))/((-8)/20). Suppose 7 = 4*v + 5*i, 0 = y*v - 8*v - 2*i + 13. Calculate the remainder when 4 is divided by v.
1
What is the remainder when 93 is divided by (-14)/(-4)*(-266)/(-49)?
17
Let y(r) = -r**3 + 7*r + 10. Calculate the remainder when y(-4) is divided by 6.
4
What is the remainder when (-252)/(-8) + 2/(-4) is divided by 16?
15
Suppose 0*w - w + 3*s = -10, w - 18 = -s. Let k = -7 + 13. Suppose 0*l - l = -k. Calculate the remainder when w is divided by l.
4
Let v = 23 - -19. What is the remainder when v is divided by 11?
9
Let a(r) = r**3 + 9*r**2 - 11*r - 7. Suppose -2*g + 2*w - 18 = 0, 2*w + 42 = -5*g + g. What is the remainder when 9 is divided by a(g)?
0
Suppose 338 = -h + 6*h + 4*i, 3*h - 2*i - 216 = 0. Suppose -5*f = -54 - 66. Calculate the remainder when h is divided by f.
22
Let p = -2 + 9. Suppose 0 = -5*v + 3*v + 22. Calculate the remainder when v - (-2*2)/4 is divided by p.
5
Let t(y) be the first derivative of -y**3/3 + y**2/2 + 2*y + 1. What is the remainder when 3 is divided by t(0)?
1
Let f(r) = -r**2 + 12*r + 30. What is the remainder when 100 is divided by f(13)?
15
Let p(g) be the second derivative of -g**3/2 - g**2/2 + 4*g. Calculate the remainder when p(-8) is divided by 8.
7
Let o be 5/15 - (-1103)/3. What is the remainder when o/24*6/4 is divided by 13?
10
Let c(d) = 3*d - 2. Let r be c(2). Let o = -13 + 47. Calculate the remainder when o is divided by 1/r + 235/20.
10
Let g(p) = -p**2 + 7*p - 3. Let h be g(8). Let j = h + -1. Calculate the remainder when 13 is divided by 3/j + (-21)/(-4).
3
Let v = 4 - 17. Let h = 20 + v. What is the remainder when 25 is divided by h?
4
Let a be 1*-6*1/(-3). Suppose a*u + 4*b = -2*u + 12, 4*b + 4 = 4*u. What is the remainder when 2/4 - (-3)/u is divided by 1?
0
Suppose -2*l = 2*l + 20. Let x = 85 + -21. What is the remainder when x is divided by (l/(-5))/(2/44)?
20
Let v = -9 + 25. Calculate the remainder when v is divided by 11.
5
Suppose 4*i + p - 93 = 2*p, 6 = 2*p. Suppose 0*h = -2*h + i. What is the remainder when 22 is divided by h?
10
Let w = -3 - -5. Suppose -12*i = -5*i - 14. Calculate the remainder when i is divided by w.
0
Let f = -33 + -21. Calculate the remainder when 27 is divided by (-420)/f + (-2)/(-9).
3
Let x be (0 - (3 - -22))*-1. What is the remainder when 73 is divided by (x/(-3))/(3/(-9))?
23
Let w = -149 - -260. Calculate the remainder when w is divided by 16.
15
Let p(n) = n**3 + n**2 - n + 9. What is the remainder when p(0) is divided by 5?
4
Suppose -5*p + 53 = 2*u, -3*u + p - 7 + 61 = 0. Let q = -12 + 22. What is the remainder when u is divided by q?
9
Let y = -4 + 3. Calculate the remainder when 23 is divided by (-1 - y) + (0 - -12).
11
Let i(r) = 8*r + 9. What is the remainder when i(4) is divided by 22?
19
Let a be (-1)/(9/6)*-36. Let n be (1 + 32)/(18/a). Suppose -3*x + n = x. What is the remainder when x is divided by 6?
5
Suppose 4*x = 2*x. Suppose 28 = 2*z - x*z. What is the remainder when 53 is divided by z?
11
Let o = -147 - -198. Calculate the remainder when 100 is divided by o.
49
Suppose 6*y - 7 - 5 = 0. Let m = -3 - -8. What is the remainder when m is divided by y?
1
What is the remainder when 22/(-110) - 2/((-20)/322) is divided by 18?
14
Calculate the remainder when 34 + 5 + -1 - 4 is divided by 11.
1
Let q be 2/5 + 51/(-15). What is the remainder when ((-8)/6)/(8/(-12)) is divided by (-7 - q)*1/(-2)?
0
Suppose n = 104 - 85. Calculate the remainder when n is divided by 14.
5
Let i be (-2)/(-4)*-1*-16. Let k = -6 + i. Calculate the remainder when 7 is divided by k.
1
Suppose -2*z + 88 = 3*z + g, -2*z + 38 = -g. Calculate the remainder when 32 is divided by z.
14
What is the remainder when ((-42)/2)/(4 + -5) is divided by (2/(-2) + 12)*1?
10
Let z(t) = 3*t**2 - t + 1. Let x be z(1). Suppose -x*g - 114 = -3*w, -9*w - 5*g = -4*w - 240. What is the remainder when w is divided by 15?
13
Let q = 3 - 3. Suppose -m + 9 - 1 = q. Calculate the remainder when 23 is divided by m.
7
Suppose -5*u = i - 45, 0 = -2*u + 2*i + i + 1. Suppose -2*s = 4*a - 68, 2*a + 0*a - 170 = -5*s. Let m = 56 - s. Calculate the remainder when m is divided by u.
6
Let w = -2 + -1. What is the remainder when -1 - w*(-124)/(-6) is divided by 21?
19
Let k be (11*-1 + 1)/(-2). Suppose -20 = -k*w + 15. Suppose -5*h - 14 = -p, -4*p + 0*p - 4*h + 8 = 0. Calculate the remainder when w is divided by p.
3
Let w(y) = -y**2 + y - 2. Let m be w(-2). Let s = 1 + 2. What is the remainder when -1*(1 + m + 0) is divided by s?
1
Let i = -46 + 84. Calculate the remainder when i is divided by 21.
17
Suppose -2*v + 7*v - 10 = 0. Suppose -v*b + 4*r + 13 = -19, -b + r + 13 = 0. What is the remainder when 18 is divided by b?
8
Let n(y) = y**2 + 5*y - 10. Let q be n(-8). Calculate the remainder when 648/q + (-8)/28 is divided by 12.
10
Let v(s) = s. Let q be v(-2). Let j = q + 7. Let b = j + 12. Calculate the remainder when 32 is divided by b.
15
Suppose 0 = -0*x - 4*x. Suppose -5*t = -2*n - x*n - 27, 4*t - 22 = 2*n. Calculate the remainder when 19 is divided by t.
4
Suppose -2*n + 7*n = 10. Suppose 5*k - 259 = -n*p, 2*k + k - p = 162. Calculate the remainder when k is divided by 14.
11
Let r(q) = -q**2 + 6*q + 7. Let f = 0 + 5. Suppose -3*u + 2*u = -f. Calculate the remainder when 47 is divided by r(u).
11
Let z be 3/(-6)*-2 + -3161. Let m be (-4)/14 + z/(-35). Suppose 5*f = 50 + m. What is the remainder when f is divided by 10?
8
Let a(r) = r**3 - 10*r**2 + 2*r - 1. Calculate the remainder when a(10) is divided by 8.
3
Let y(k) = -225*k**2 + k. Let x be y(1). What is the remainder when 9 is divided by (-4)/18 + x/(-36)?
3
Let z = -3 + 1. Let a = z + 6. Calculate the remainder when 11 is divided by a.
3
Suppose 132 = 4*t + 4*o, o + 37 = t + 4*o. Let m = 6 - -10. Suppose -w + m = -0. What is the remainder when t is divided by w?
15
Calculate the remainder when (4 + -3)/(2/188) is divided by 32.
30
Let c = -4 + 7. Suppose -48 = c*k - 6*k. Calculate the remainder when 29 is divided by k.
13
What is the remainder when ((-5)/15)/((-4)/216) is divided by 4?
2
Suppose -37 = 3*s - 4*s. Calculate the remainder when s is divided by 14.
9
Suppose 3*s = -i + 139, 0 = 2*s - 0*s - 4*i - 116. Let m = s - 30. What is the remainder when m is divided by 7?
4
Let q = -46 + 64. Suppose o + 3*r = q, o = -3*o - 4*r + 56. Let u = -2 + o. What is the remainder when 19 is divided by u?
9
Let m(l) = -l**2 + 13*l - 6. Let w = -40 - -2. Let r be w/(-5) - 4/(-10). What is the remainder when m(r) is divided by 18?
16
Suppose 66 = 2*y - 5*y. Let d be (-505)/55 - 4/y. Let g = d - -27. What is the remainder when 52 is divided by g?
16
Suppose 5*x = 4*f + 70, 0 = 4*f + 3 + 17. What is the remainder when 34 is divided by x?
4
Suppose -5*m - 5*t + 25 = 0, -t - 3 = 2*m - 14. Calculate the remainder when m is divided by 4.
2
Let o(i) = 3*i + 6. Calculate the remainder when o(11) is divided by 14.
11
Suppose -3*t + 50 = 2*t. What is the remainder when t is divided by 6?
4
Let s(a) = 2*a**3 + 2*a**2 - 3*a + 1. Suppose 2*p - 2 = 2. What is the remainder when 36 is divided by s(p)?
17
Let d(p) = 10*p + 1. Suppose y + 4 = 2*y. Calculate the remainder when d(y) is divided by 11.
8
Let f = 3 + -7. Calculate the remainder when 15 is divided by f/(-10) + 228/30.
7
Let l(r) = 5*r - 15. Calculate the remainder when l(5) is divided by 3.
1
Let i = 28 - 7. Let h = i + -4. Calculate the remainder when h is divided by 10.
7
Suppose -v - 6 = -r - 3, -3*r + 5 = v. Suppose g - r*g + 8 = -2*u, -4*g + 32 = 2*u. Let x = 5 - 2. Calculate the remainder when g is divided by x.
2
Let h(q) = 5*q - 1. Let a(v) = v**3 - 6*v**2 + 7*v - 5. Let b be a(5). Suppose 0 = -b*d + 15 - 5. Calculate the remainder when h(1) is divided by d.
0
Let i(m) = -m**2 + 14*m + 10. Calculate the remainder when 26 is divided by i(14).
6
Let q(y) = -7*y**3 - 2*y - 1. Suppose 